j - 74, 2*s - 22 = 5*j. Let p = s - 10. List the prime factors of p.
2, 3
Suppose -y - 2 = 7. Let q(s) = -2*s - 10. List the prime factors of q(y).
2
List the prime factors of 1122/4 + (-2)/4.
2, 5, 7
Suppose -11*t + 13*t = 668. What are the prime factors of t?
2, 167
List the prime factors of 36 - ((1 - -1) + -4).
2, 19
Let v = -154 - -236. List the prime factors of v.
2, 41
Suppose 5*i + 204 = 8*i. What are the prime factors of i?
2, 17
Suppose 0 = h + u - 38, 0 = -4*h - u - 17 + 178. List the prime factors of h.
41
Let d(g) = g**2 + 6*g + 7. Let j(h) be the first derivative of 2*h**3/3 + 11*h**2/2 + 15*h + 2. Let p(z) = 5*d(z) - 2*j(z). List the prime factors of p(-8).
5
Suppose 5*u + 21 - 201 = 0. Suppose 5*k + 51 = -0*s - s, -4*s = -4*k - u. List the prime factors of k/(-6)*(0 + 6).
2, 5
Suppose 0 = 3*r - 35 - 10. List the prime factors of r.
3, 5
Let u(l) = l + 4. Let g = -1 + 3. Suppose -g*h = 3 - 13. List the prime factors of u(h).
3
Suppose -3*z + 4*t = -91, -5*z - t + 144 = -0*t. List the prime factors of z.
29
List the prime factors of ((-3550)/(-15))/(-2 + 16/6).
5, 71
Suppose 0 = 3*o + 2*o - 225. Let g = o + -18. What are the prime factors of g?
3
Let b(h) be the third derivative of -h**4/8 - 5*h**3/6 - 2*h**2. Let s be -5 - (0/(-2))/2. List the prime factors of b(s).
2, 5
Suppose -4*p - 88 + 608 = 0. Let n = p - 76. Let r = n - 38. List the prime factors of r.
2
Let n(g) = -g + 3. Let u(z) = 2*z - 8. Let s(y) = -10*n(y) - 3*u(y). List the prime factors of s(6).
2, 3
Let l(n) = -3*n**3 + n**2 + n + 2. Let k be l(2). List the prime factors of k/3*12/(-8).
2
What are the prime factors of -54*((-50)/(-15) - 4)?
2, 3
Suppose -n - 4*n = 2*c + 2171, 2*c = 2*n + 874. Let w be n/(-12) + 1/(-4). Suppose -4*v = -0*v - w. List the prime factors of v.
3
Let x(f) = -f**3 + 3*f**2 + 2*f + 1. Let s be 3 + 6 + -3 + -2. Suppose 4*o - 20 = s*t, 0 = 5*o + 5*t - 5 - 0. List the prime factors of x(o).
7
Suppose 0 = -4*i + 2*n + 266, -251 = -3*i - i - 3*n. Suppose -5*b = -15 - i. Suppose b = 3*o + o. What are the prime factors of o?
2
List the prime factors of 1 - ((-1)/(-3) - 4456/12).
2, 3, 31
Let b = -24 + 16. Let l = -10 + b. List the prime factors of (-1 + -1)/(4/l).
3
Let v(q) = -q**3 - 7*q**2 + q + 6. Let p be v(-7). What are the prime factors of (p*2)/((-18)/135)?
3, 5
Suppose -4*l + 2*y = 21 + 25, 3*y - 59 = 5*l. Let t = 7 - l. What are the prime factors of t?
17
Let a be (-143)/33 + 4/(-6). Let x(s) be the third derivative of -s**4/24 + s**3/3 - s**2. What are the prime factors of x(a)?
7
What are the prime factors of 412*(84/16)/7?
3, 103
Suppose 4*j - 8 - 168 = 0. What are the prime factors of j?
2, 11
What are the prime factors of (-21)/(-2)*(-160)/(-30)?
2, 7
Suppose -d + 18 = 7. Let j = d + 2. List the prime factors of j.
13
List the prime factors of (1 - -32 - -1) + (82 - 80).
2, 3
Let y be (-1 - -3)/(10/25). Suppose 6*i + 4*b = 3*i + 45, -2*i + 23 = y*b. What are the prime factors of i?
19
Suppose -5*k - c + 525 = 0, 2*k - 5*c - 449 = -2*k. What are the prime factors of k?
2, 53
Let j(k) = -107*k**3 - k**2 - k. List the prime factors of j(-1).
107
Suppose 0 = -4*p - 8*p + 1092. What are the prime factors of p?
7, 13
Let d be 20/(-3)*(-72)/15. Let w be (-1)/(-3 - (-8)/3). Suppose w*f - d = -5. What are the prime factors of f?
3
Let l be (-1)/3 + (-56)/(-6). Let m = l + -6. What are the prime factors of (-4)/6 - (-8)/m?
2
Let h(b) = -b**3 + b**2 - b - 1. Let c(s) = s**3 + 8*s**2 + 9*s - 4. Let j(u) = -c(u) - 2*h(u). What are the prime factors of j(11)?
2, 5
Let f be (9 - 13)*(-5)/4. Suppose 132 = 3*k + 4*v, -f*v + 226 = 5*k + 6. List the prime factors of k.
2, 11
Let w(z) be the second derivative of -7*z**5/20 + z**4/6 - z**3/3 + z**2/2 + z. Let n be w(1). Let b = n - -8. List the prime factors of b.
2
Let s(w) be the first derivative of w**3/3 - 5*w**2 + 13*w - 3. Let b be s(9). Suppose -2*v - 2*g = b, -5*v - g = -0*g - 10. List the prime factors of v.
3
Let l(k) = -k**3 + 5*k**2 + 2*k - 7. Let w be l(5). Suppose w*n = -n + 16. Suppose -n*c + 84 = 5*g - 33, -g - 110 = -5*c. List the prime factors of c.
23
Suppose -2*a - 2*j + 5*j + 20 = 0, 24 = 4*a - 2*j. Suppose 2*h = -4*z - 12, -10 + 0 = a*z + 3*h. List the prime factors of ((-2)/z)/((-2)/(-64)).
2
What are the prime factors of (102/(-4))/((-12)/32)?
2, 17
Suppose -5*f = -2*v - f + 32, 0 = -4*v - f + 46. Suppose v = u + u. List the prime factors of u - 5 - 12/(-1).
13
Let z be -3 + 0 + 57 - -2. Let b = z + -40. List the prime factors of b.
2
Suppose 2*k - 4*k - 50 = 0. Let a = k + 15. Let y = -1 - a. List the prime factors of y.
3
Let h = -6 + 9. Suppose 0 = h*l - 94 - 5. List the prime factors of l.
3, 11
Let t(y) = 5*y - 1. Let r be 2/3*(3 - -3). Suppose 4*p - 1 = -4*i - 5, 0 = r*p + 12. What are the prime factors of t(i)?
3
Let n(z) = 3*z**2 + z - 1. Let t be n(1). Suppose 0 = d - 2*d - t. List the prime factors of (d/(-5))/((-4)/(-60)).
3
What are the prime factors of 4/8*4 + 34?
2, 3
What are the prime factors of -2*2/1*-1?
2
Let x(g) = -g - 1. Let i be x(-3). Suppose -11 - i = -2*w - 3*j, -4*w + 31 = j. What are the prime factors of w?
2
Let o be (-7)/(-1) - (0 - -2). Let g = o - -2. What are the prime factors of g?
7
Let s = 12 + -21. What are the prime factors of ((-16)/6)/(3/s)?
2
Suppose 4*i - 9 = i. Let w = 17 - i. List the prime factors of w.
2, 7
Let g = 21 - 10. List the prime factors of g.
11
Suppose 5*a + 21 = -24. Let u = a - -58. What are the prime factors of u?
7
Suppose -d + 5*d = 0. Suppose -3*i + l - 179 = -8*i, l - 4 = d. What are the prime factors of i?
5, 7
Suppose 0 = 4*b - 16 - 16. Suppose -b - 2 = -g. Suppose -3*x - 1 + g = 0. What are the prime factors of x?
3
Suppose 2*c = 11*c - 261. What are the prime factors of c?
29
Suppose 4 + 20 = 4*i. Suppose z + z + i = 0. Let g = z - -7. List the prime factors of g.
2
Suppose 4*h = -20, -5*j - 3*h - 10 = 25. Let y be (-3)/(-12) - (-137)/j. List the prime factors of 2/(64/y + 2).
17
Let m(a) be the first derivative of 2/3*a**3 + 3*a**2 - 2 + 2*a. What are the prime factors of m(-4)?
2, 5
Suppose 4*m = -4*m + 72. What are the prime factors of m?
3
Suppose -3*y + 371 = -2*l, 4*y - 309 = 5*l + 195. What are the prime factors of y?
11
Let t be (66/(-4))/(3/(-6)). Suppose 3*s = -0*s + b + t, -48 = -3*s - 4*b. List the prime factors of s.
2, 3
Let m(s) = -s**3 - 5*s**2 + 2*s + 9. Let u(n) = -6*n**2 + 2*n - 2. Let o be u(1). What are the prime factors of m(o)?
3, 11
Let w = -4 - -4. Suppose 3*a + n - 15 = w, -n - 2*n - 5 = -a. Suppose i - 39 = -a*t - i, 0 = -5*t + 2*i + 51. List the prime factors of t.
3
Suppose 0 = -2*j + 5*c + 215, 0 = c + 1 - 0. What are the prime factors of j?
3, 5, 7
Suppose -2*q + 18 = -0*q. Suppose 0 = a - q - 4. What are the prime factors of a?
13
Suppose -8*i + 7*i - 9 = 0. Let j be (14/(-3))/((-4)/18). Let b = i + j. List the prime factors of b.
2, 3
Suppose -5*n + n - f + 20 = 0, 3*f - 25 = -5*n. Suppose n*z - 3*x + 79 = 0, -9 = 3*z + 4*x + 21. What are the prime factors of (z/(-5))/((-1)/(-5))?
2, 7
Let f = -4 + 6. Suppose 0*p = -2*j + f*p, -12 = -3*j - 3*p. Suppose -2*q - 9 = -5*w, -j*q - 35 = -7*q + w. List the prime factors of q.
2
Suppose 4*g - 20 = 0, s = g + 44 + 101. List the prime factors of s.
2, 3, 5
List the prime factors of (-5)/(15/477)*3/(-9).
53
Let z(q) be the second derivative of -q**5/20 - 3*q**4/4 + 7*q**3/6 - 4*q**2 - 5*q. What are the prime factors of z(-10)?
2, 11
Suppose 8*k = 5*k + 45. List the prime factors of k.
3, 5
Suppose -5*h + 0*p + 2*p = -21, h + 4*p = -9. What are the prime factors of h/(-3) + (-1 - -30)?
2, 7
Let z(s) = 7*s + 3. Let m(i) = 11*i + 5. Let w(b) = -5*m(b) + 8*z(b). What are the prime factors of w(8)?
7
Suppose -20 = -0*b - 5*b. Suppose -b*q = -q. Suppose q = -3*t + 13 + 20. What are the prime factors of t?
11
Let q(b) = 6*b**2 + 2*b - 6. List the prime factors of q(4).
2, 7
Let u(h) = -h**2 + 6*h - 3. Let d = -12 + 18. Let q = d - 2. What are the prime factors of u(q)?
5
Let o(m) = 3*m + 3 + 1 - 9 + 0. List the prime factors of o(7).
2
Let q(l) = -2*l**3 - 20*l**2 + 13*l + 13. List the prime factors of q(-11).
2, 7
Let d = -25 - -44. Suppose -c + 0 = -d. List the prime factors of c.
19
Suppose -2*f - f = 3. Let c = 16 + f. List the prime fac